at is the thousands digit of 16963?
6
What is the tens digit of 45726?
2
What is the units digit of 1131?
1
What is the thousands digit of 1674?
1
What is the hundreds digit of 111679?
6
What is the hundreds digit of 1195?
1
What is the thousands digit of 19326?
9
What is the ten thousands digit of 15179?
1
What is the hundreds digit of 17853?
8
What is the hundreds digit of 2766?
7
What is the hundreds digit of 2498?
4
What is the units digit of 829?
9
What is the units digit of 9027?
7
What is the units digit of 138761?
1
What is the tens digit of 756?
5
What is the thousands digit of 8952?
8
What is the hundreds digit of 615?
6
What is the tens digit of 4139?
3
What is the hundreds digit of 370?
3
What is the thousands digit of 11494?
1
What is the tens digit of 141?
4
What is the thousands digit of 7481?
7
What is the units digit of 3158?
8
What is the tens digit of 1593?
9
What is the units digit of 6268?
8
What is the hundreds digit of 6330?
3
What is the tens digit of 2147?
4
What is the tens digit of 744?
4
What is the tens digit of 5317?
1
What is the ten thousands digit of 11597?
1
What is the thousands digit of 3665?
3
What is the tens digit of 316?
1
What is the units digit of 1710?
0
What is the units digit of 15302?
2
What is the hundreds digit of 821?
8
What is the units digit of 27584?
4
What is the units digit of 90325?
5
What is the tens digit of 1211?
1
What is the units digit of 41159?
9
What is the thousands digit of 24290?
4
What is the units digit of 384?
4
What is the hundreds digit of 834?
8
What is the hundreds digit of 10440?
4
What is the hundreds digit of 4112?
1
What is the thousands digit of 7617?
7
What is the units digit of 5031?
1
What is the thousands digit of 13424?
3
What is the hundreds digit of 13922?
9
What is the hundreds digit of 1890?
8
What is the tens digit of 828?
2
What is the tens digit of 12939?
3
What is the units digit of 565?
5
What is the units digit of 25902?
2
What is the hundreds digit of 189819?
8
What is the units digit of 2095?
5
What is the tens digit of 26352?
5
What is the tens digit of 87?
8
What is the tens digit of 2735?
3
What is the tens digit of 3501?
0
What is the units digit of 3429?
9
What is the ten thousands digit of 99762?
9
What is the tens digit of 10244?
4
What is the thousands digit of 35076?
5
What is the units digit of 725?
5
What is the units digit of 34832?
2
What is the hundreds digit of 5434?
4
What is the thousands digit of 4957?
4
What is the hundreds digit of 13632?
6
What is the thousands digit of 20343?
0
What is the tens digit of 810?
1
What is the hundreds digit of 114993?
9
What is the tens digit of 1908?
0
What is the tens digit of 9536?
3
What is the thousands digit of 1950?
1
What is the units digit of 3939?
9
What is the hundreds digit of 2720?
7
What is the ten thousands digit of 10479?
1
What is the tens digit of 58635?
3
What is the tens digit of 645?
4
What is the tens digit of 38601?
0
What is the thousands digit of 1361?
1
What is the hundreds digit of 3830?
8
What is the thousands digit of 15121?
5
What is the tens digit of 10285?
8
What is the thousands digit of 6335?
6
What is the units digit of 12116?
6
What is the units digit of 2476?
6
What is the tens digit of 888?
8
What is the hundreds digit of 7640?
6
What is the units digit of 2589?
9
What is the hundreds digit of 8334?
3
What is the units digit of 29646?
6
What is the hundreds digit of 530?
5
What is the ten thousands digit of 21567?
2
What is the units digit of 23150?
0
What is the units digit of 444?
4
What is the hundreds digit of 262?
2
What is the units digit of 22524?
4
What is the thousands digit of 1842?
1
What is the thousands digit of 1636?
1
What is the tens digit of 11933?
3
What is the ten thousands digit of 10870?
1
What is the tens digit of 697?
9
What is the units digit of 1125?
5
What is the units digit of 2115?
5
What is the thousands digit of 4335?
4
What is the thousands digit of 3466?
3
What is the hundreds digit of 61254?
2
What is the tens digit of 8218?
1
What is the ten thousands digit of 13646?
1
What is the thousands digit of 3714?
3
What is the units digit of 5642?
2
What is the units digit of 1288?
8
What is the tens digit of 197?
9
What is the units digit of 15261?
1
What is the hundreds digit of 2087?
0
What is the units digit of 9048?
8
What is the units digit of 92077?
7
What is the hundreds digit of 1953?
9
What is the tens digit of 3058?
5
What is the units digit of 3843?
3
What is the thousands digit of 4047?
4
What is the hundreds digit of 961?
9
What is the tens digit of 3580?
8
What is the hundreds digit of 672?
6
What is the units digit of 8027?
7
What is the thousands digit of 2291?
2
What is the thousands digit of 66595?
6
What is the hundreds digit of 48788?
7
What is the hundreds digit of 70497?
4
What is the ten thousands digit of 85012?
8
What is the thousands digit of 42162?
2
What is the hundreds digit of 2578?
5
What is the tens digit of 445?
4
What is the ten thousands digit of 19606?
1
What is the tens digit of 64417?
1
What is the tens digit of 36?
3
What is the thousands digit of 1154?
1
What is the thousands digit of 1018?
1
What is the hundreds digit of 278?
2
What is the hundreds digit of 1995?
9
What is the ten thousands digit of 20009?
2
What is the units digit of 5733?
3
What is the hundreds digit of 25212?
2
What is the thousands digit of 51159?
1
What is the tens digit of 17010?
1
What is the units digit of 17753?
3
What is the tens digit of 993?
9
What is the thousands digit of 1227?
1
What is the tens digit of 25501?
0
What is the units digit of 76?
6
What is the units digit of 61933?
3
What is the hundreds digit of 698?
6
What is the hundreds digit of 2303?
3
What is the hundreds digit of 860?
8
What is the hundreds digit of 26439?
4
What is the hundreds digit of 929?
9
What is the units digit of 694?
4
What is the ten thousands digit of 48118?
4
What is the hundreds digit of 4472?
4
What is the thousands digit of 7014?
7
What is the thousands digit of 2226?
2
What is the hundreds digit of 1033?
0
What is the thousands digit of 92807?
2
What is the thousands digit of 10242?
0
What is the tens digit of 3252?
5
What is the units digit of 4629?
9
What is the hundreds digit of 1977?
9
What is the units digit of 50294?
4
What is the thousands digit of 67707?
7
What is the hundreds digit of 41890?
8
What is the units digit of 13278?
8
What is the hundreds digit of 29754?
7
What is the units digit of 914?
4
What is the units digit of 14110?
0
What is the hundreds digit of 4313?
3
What is the tens digit of 318?
1
What is the tens digit of 186?
8
What is the units digit of 20889?
9
What is the units digit of 1568?
8
What is the tens digit of 17206?
0
What is the thousands digit of 5420?
5
What is the hundreds digit of 48705?
7
What is the thousands digit of 2881?
2
What is the thousands digit of 12786?
2
What is the tens digit of 13238?
3
What is the units digit of 30216?
6
What is the tens digit of 58932?
3
What is the hundreds digit of 16639?
6
What is the tens digit of 4743?
4
What is the units digit of 7108?
8
What is the units digit of 308?
8
What is the units digit of 1427?
7
What is the thousands digit of 1881?
1
What is the tens digit of 464?
6
What is the tens digit of 7170?
7
What is the units digit of 3439?
9
What is the tens digit of 40496?
9
What is the hundreds digit of 78447?
4
What is the units digit of 877?
7
What is the ten thousands digit of 25475?
2
What is the units digit of 3898?
8
What is the tens digit of 1296?
9
What is the tens digit of 17641?
4
What is the tens digit of 1444?
4
What is the tens digit of 8390?
9
What is the units digit of 4938?
8
What is the hundreds digit of 4251?
2
What is the ten thousands digit of 75060?
7
What is the units digit of 2470?
0
What is the tens digit of 1454?
5
What is the units digit of 98683?
3
What is the ten thousands digit of 24904?
2
What is the thousands digit of 4969?
4
What is the tens digit of 475?
7
What is the hundreds digit of 687?
6
What is the tens digit of 1280?
8
What is the hundreds digit of 551?
5
What is the thousands digit of 16428?
6
What is the units digit of 3126?
6
What is the tens digit of 343?
4
What is the thousands digit of 54696?
4
Wh